n = 863 + -1062. Suppose 0 = 3*x - 9, -2*j + 0*x - 2*x = -722. Let t = n + j. What is the remainder when t is divided by 32?
31
Suppose -3*f + 19 = -8. Let u(r) be the first derivative of r**2 + r - 4. What is the remainder when 56 is divided by u(f)?
18
Suppose 0 = 4*w - 3*x - 405, -x + 0*x = w - 110. Suppose -w*c = -100*c - 115. Calculate the remainder when 148 is divided by c.
10
Let j(p) = 256*p**2 - 58*p + 178. What is the remainder when j(3) is divided by 66?
64
What is the remainder when (52447/358)/((-3)/(-6)) is divided by 253?
40
Let x be ((-2)/(-1))/((-100)/25)*-126. Suppose 0 = -2*z - 3*y + x, -3*z + 2*y + 67 = y. Calculate the remainder when 90 is divided by z.
18
Suppose 0 = -3*v + 3*g + 21, -4*v + 0*g + 33 = -3*g. What is the remainder when 159/v + -13 + 86/8 is divided by 4?
3
Suppose -2*m - 12 - 2 = -i, 34 = 2*i - 2*m. Suppose 663 = -29*j + 42*j. What is the remainder when j is divided by i?
11
Let d(f) = f**3 - 27*f**2 + f + 21. Let q be d(28). Suppose 4*j - q = -3*j. What is the remainder when j is divided by 8?
7
Let z(d) be the first derivative of 3*d**2/2 + 4*d + 43. Calculate the remainder when z(5) is divided by 4.
3
Suppose -v + 0*v + 4*c = -5, 3*v - c = 48. Let a(q) = -2*q + 12. Let x be a(4). Suppose -300 = -x*m + m. What is the remainder when m is divided by v?
15
Let c(j) = 15*j - 6. What is the remainder when c(11) is divided by (54/(-10))/(0 + (-1)/5)?
24
Suppose 12*a - 6927 - 1605 = 0. Let h = a + -527. What is the remainder when h is divided by 63?
58
Let s = -2006 + 2364. What is the remainder when s is divided by 9?
7
Let a(r) = -20*r + 22. Let v be a(12). Let p = -182 - v. Calculate the remainder when 79 is divided by p.
7
Suppose i + 1153 = 5*v, v - 326 = 3*i - 101. Calculate the remainder when v is divided by 62.
45
Suppose -24 = 39*n - 45*n. What is the remainder when (48/108)/(n/774) is divided by 30?
26
Let g(s) = s**3 - 6*s**2 - 6*s - 1. Let r = -1956 + 1978. What is the remainder when r is divided by g(7)?
4
Suppose 0 = -3*x - g + 52, -x + 3*g = -16 - 18. Let n(d) = d**2 - 17*d - 35. Calculate the remainder when 9 is divided by n(x).
0
Let m(j) = -2*j - j**2 - 2*j**3 - 2*j**3 + 2*j**3 - 4*j**3 - 1. Suppose 47 = 3*b - 40. What is the remainder when b is divided by m(-1)?
5
Let k(s) be the first derivative of s**5/10 - 5*s**2/2 + 8*s + 4. Let z(g) be the first derivative of k(g). Calculate the remainder when z(3) is divided by 19.
11
Suppose 356 + 186 = 39*l - 745. What is the remainder when 318/4 - 1/(-2) is divided by l?
14
Let k = 248 + -252. What is the remainder when 3*k/36*-315 is divided by 54?
51
Let u(f) = -24 + 36*f - f - 57. Calculate the remainder when u(3) is divided by 3.
0
Let h = 6 + 85. What is the remainder when h is divided by ((-249)/(-15) + -7)*40/12?
27
Let w(x) = -507*x**3 + 1. Let v(p) = 8*p + 166. Calculate the remainder when w(-1) is divided by v(-17).
28
What is the remainder when (-2*(-522)/24 - (-2 - 1))*6 is divided by 114?
51
Let k = 6577 + -6561. What is the remainder when 452 is divided by k?
4
Suppose -28 = -2*v + 8. Let k(i) = i**3 - 11*i**2 + i + 7. Let p be k(11). Calculate the remainder when (134/(-6))/((-6)/p) is divided by v.
13
Suppose 6*l - 2*a - 33606 = 2*l, 5*l - 41994 = -2*a. Calculate the remainder when 554 is divided by l/135 + 22/(-18) + 1.
58
Calculate the remainder when 523 is divided by (63/198)/(3/834) - 12/(-22).
78
Let x = 345 - 214. Suppose 4*o + 169 = 213. Calculate the remainder when x is divided by o.
10
Let a(t) = 3*t**3 - 3*t**2 + 3*t - 1. Let l be a(1). Suppose -428 = -4*w + 2*s + 8, 5*w = l*s + 546. Calculate the remainder when w is divided by 6.
2
Let r = 26539 - 23744. Calculate the remainder when 2813 is divided by r.
18
Suppose -870 = -3*l + 5*b, -2*l + 582 = 3*b - 6*b. What is the remainder when l is divided by 23?
1
Let o(i) = -i**2 - 37*i + 16. Let x be o(-37). What is the remainder when 175 is divided by ((-20)/x*6)/((-11)/22)?
10
Let g(m) = -5*m**3 + 17*m**2 + 11*m - 9. Calculate the remainder when 273 is divided by g(3).
21
Let z(b) = 97*b - 8325. Let j = 90 - 30. Calculate the remainder when z(92) is divided by j.
59
Let d be (-4)/10 + 99/(-15). Let l(h) be the third derivative of h**5/60 + h**4/4 + 7*h**3/2 - 2317*h**2. What is the remainder when 109 is divided by l(d)?
25
Let q = -1548 + 1617. Suppose -4*z = z - 20. Suppose -z*v + 53 + 19 = 0. Calculate the remainder when q is divided by v.
15
Let g be 2 + (-7)/4 - (-534)/8. Suppose f + 0*f - 3 = 0, f = 5*s - g. Calculate the remainder when s is divided by 2.
0
Let j(x) = -45*x + 10. Let k be j(-2). Suppose k = 4*s + 2*d, 49 + 21 = 3*s - d. Calculate the remainder when 334 is divided by s.
22
Suppose 49*a - 5811 = 36*a. Suppose -4*d = -a + 131. What is the remainder when d is divided by 16?
15
Suppose 0*l + 5*l = 5*p - 6150, -p - 6*l = -1202. What is the remainder when p is divided by 121?
16
Suppose -18*j + 75 = -13*j. Suppose -580 = -12*n + 668. What is the remainder when n is divided by j?
14
Suppose -142309 = -47*p + 60637. Calculate the remainder when p is divided by 15.
13
Let p be (-2)/(-9) + 20/(-135)*-120. Suppose -p = -u - 3*r, 3*u + 5*r = u + 32. What is the remainder when ((-12)/(-24))/((-1)/(-42)) is divided by u?
3
Let s(c) be the second derivative of -13*c**3/6 - 33*c**2/2 + 2*c - 13. What is the remainder when 146/4 - 3/(-6) is divided by s(-4)?
18
Let j = 16133 + -16064. What is the remainder when 213 is divided by j?
6
Let h(q) = 95*q - 446. What is the remainder when h(9) is divided by 31?
6
What is the remainder when 3899 is divided by ((-30)/50*20/(-16))/(-3)*-56?
7
Let h(j) = 9*j**2 - 14*j + 167. Calculate the remainder when h(12) is divided by 141.
26
Suppose 4*i - 77 - 75 = 0. Suppose i = 16*o - 330. Calculate the remainder when 90 is divided by o.
21
Let b = -1790 - -1840. What is the remainder when 747 is divided by b?
47
Suppose -165 = 2*w + 5*g + 753, 4*g + 465 = -w. Let h = w - -1768. Calculate the remainder when h is divided by 12.
11
Let s = 525 + -521. Suppose -h + 42 = -2*y - 69, -s*y = 5*h - 583. What is the remainder when h is divided by 33?
16
Suppose 4 = -0*i + i, 0 = -g + 3*i + 109. Suppose 4*u = 7 + 13, 2*n - g = u. What is the remainder when n is divided by ((-8)/(-10))/((-82)/(-80) + -1)?
31
Let b be -5*-2*(-1)/(-2). Suppose -b*m + 20 + 15 = 0. What is the remainder when (0 - -1)*(-238)/(-29 + 15) is divided by m?
3
Suppose -7*o = 60 - 186. Let n(r) = r**2 + 5*r + 12. Let g be n(-7). Calculate the remainder when -4 - g*(-9)/6 is divided by o.
17
Suppose -187*p + 42192 + 145556 = 0. What is the remainder when p is divided by 112?
108
Let z(x) = 5*x**2 + 223*x + 3128. Calculate the remainder when z(-13) is divided by 262.
26
Calculate the remainder when 69 is divided by (-29)/((6 - (-48)/(-8)) + -1).
11
Let k = 2940 - 2874. What is the remainder when 78 is divided by k?
12
What is the remainder when 4/9 - 11072/(-360)*10 is divided by 141?
26
Suppose 48 = -66*q + 50*q. Suppose -2*o = -3*x - 228, -5*o + 570 = -x - 0*x. What is the remainder when o is divided by (-207)/12*4/q?
22
Let i(g) = 3*g**2 + 287*g - 3799. Calculate the remainder when i(14) is divided by 67.
3
Suppose -3*p = 3*x - 186, 2*x + 108 = 3*p - p. Let y = -185895 - -186026. Calculate the remainder when y is divided by p.
15
Calculate the remainder when -1*(-167103)/54*(0 + (-2)/(-3)) is divided by 79.
9
Suppose -8*i - 306 = -n - 10*i, 4*n + 2*i - 1254 = 0. Suppose -14*h + n = -734. Calculate the remainder when h is divided by 4.
3
Let i = 106 + -106. Suppose j - d = 44 + 1, i = -3*j - 2*d + 115. Calculate the remainder when 156 is divided by j.
33
Suppose 3*n + 2*l - 169 = 0, -7*n + 65 = -6*n + 5*l. Calculate the remainder when 944 is divided by n.
9
Let i = -237 + -211. Let z = 459 + i. What is the remainder when 79 is divided by z?
2
Suppose 17 = p - 3. Let d be p + ((-12)/(-15))/((-10)/25). Let i = 22 - d. What is the remainder when 14 is divided by i?
2
Let c = -58 - -60. What is the remainder when (-4 - 450/(-36))/((-2)/(-4)) is divided by c?
1
Let o = 75 + -55. What is the remainder when 326 is divided by o?
6
Let a = 705 - -482. Suppose a*s - 72 = 1179*s. Let z = 25 - 18. Calculate the remainder when s is divided by z.
2
Suppose 0 = -77*z + 5370 + 1637. What is the 